{"id":2,"date":"2017-08-05T16:16:07","date_gmt":"2017-08-05T16:16:07","guid":{"rendered":"http:\/\/biba.etsii.upm.es\/jom\/?page_id=2"},"modified":"2026-03-12T13:15:47","modified_gmt":"2026-03-12T11:15:47","slug":"home-page","status":"publish","type":"page","link":"http:\/\/biba.etsii.upm.es\/jom\/","title":{"rendered":"Home"},"content":{"rendered":"<div id=\"dslc-theme-content\"><div id=\"dslc-theme-content-inner\"><h2>Introduction:<\/h2>\n<h2><img decoding=\"async\" class=\"alignnone wp-image-232\" src=\"http:\/\/biba.etsii.upm.es\/jom\/wp-content\/uploads\/2017\/08\/cropped-jb4_45-150x150.jpg\" alt=\"\" width=\"92\" height=\"92\" srcset=\"http:\/\/biba.etsii.upm.es\/jom\/wp-content\/uploads\/2017\/08\/cropped-jb4_45-150x150.jpg 150w, http:\/\/biba.etsii.upm.es\/jom\/wp-content\/uploads\/2017\/08\/cropped-jb4_45-300x300.jpg 300w, http:\/\/biba.etsii.upm.es\/jom\/wp-content\/uploads\/2017\/08\/cropped-jb4_45-270x270.jpg 270w, http:\/\/biba.etsii.upm.es\/jom\/wp-content\/uploads\/2017\/08\/cropped-jb4_45-192x192.jpg 192w, http:\/\/biba.etsii.upm.es\/jom\/wp-content\/uploads\/2017\/08\/cropped-jb4_45-180x180.jpg 180w, http:\/\/biba.etsii.upm.es\/jom\/wp-content\/uploads\/2017\/08\/cropped-jb4_45-32x32.jpg 32w, http:\/\/biba.etsii.upm.es\/jom\/wp-content\/uploads\/2017\/08\/cropped-jb4_45.jpg 512w\" sizes=\"(max-width: 92px) 100vw, 92px\" \/><\/h2>\n<p>This is the professional website of Professor J. Ordieres Mer\u00e9.<\/p>\n<p>The main objective of this site is to summarize his academic activities and scientific output.\u00a0Additionally, a blog will be maintained that collects interesting information.<\/p>\n<p><strong>Motto:<\/strong> <em>It always seems impossible until it's done.<strong>You can do it!<\/strong><\/em><\/p>\n<hr \/>\n<h2>Membership:<\/h2>\n\n<table id=\"tablepress-1\" class=\"tablepress tablepress-id-1\">\n<tbody class=\"row-striping row-hover\">\n<tr class=\"row-1\">\n\t<td class=\"column-1\"><a title=\"GScholar\" href=\"https:\/\/scholar.google.es\/citations?hl=es&amp;user=Jmr2JHQAAAAJ&amp;view_op=list_works&amp;sortby=pubdate\" target=\"_blank\"><img decoding=\"async\" src=\"http:\/\/biba.etsii.upm.es\/jom\/wp-content\/uploads\/2017\/08\/gscholar-e1502048020860.png\" alt=\"\" width=\"100\" height=\"100\"  ><\/a><\/td><td class=\"column-2\"><a title=\"Joaqu\u00edn Ordieres\" href=\"https:\/\/www.researchgate.net\/profile\/Joaquin_Ordieres\/\" target=\"_blank\"><img decoding=\"async\" src=\"http:\/\/biba.etsii.upm.es\/jom\/wp-content\/uploads\/2017\/08\/apple-touch-icon-180x180-e1502048583824.png\" alt=\"Joaqu\u00edn Ordieres\" height=\"150\"><\/a><\/td><td class=\"column-3\"><a href=\"http:\/\/orcid.org\/0000-0002-9677-6764\" target=\"_blank\"><br \/>\n<img decoding=\"async\" src=\"http:\/\/biba.etsii.upm.es\/jom\/wp-content\/uploads\/2017\/08\/orcid_logo-e1502047893298.png\" height=\"100\" ><br \/>\n<b>0000-0002-9677-6764<\/b><\/a><\/td><td class=\"column-4\"><a href=\"https:\/\/topscinet.com\/scientist_profile\/Ordieres,%20Joaquin%20Bienvenido\/1992\/?stype=single_year\" target=\"_blank\"><br \/>\n<img fetchpriority=\"high\" decoding=\"async\" src=\"http:\/\/biba.etsii.upm.es\/jom\/wp-content\/uploads\/2026\/03\/Logo.png\" height=\"300\" width=\"300\"><\/td>\n<\/tr>\n<\/tbody>\n<\/table>\n<!-- #tablepress-1 from cache -->\n<h2>Positions:<\/h2>\n\n<table id=\"tablepress-2\" class=\"tablepress tablepress-id-2\">\n<thead>\n<tr class=\"row-1\">\n\t<th class=\"column-1\"><center><b>From<\/b><\/center><\/th><th class=\"column-2\"><center><b>To<\/b><\/center><\/th><th class=\"column-3\"><center><b>Logo<\/b><\/center><\/th><th class=\"column-4\"><center><b>Place<\/b><\/center><\/th><th class=\"column-5\"><center><b>Field<\/b><\/center><\/th><th class=\"column-6\"><center><b>Position<\/b><\/center><\/th>\n<\/tr>\n<\/thead>\n<tbody class=\"row-striping row-hover\">\n<tr class=\"row-2\">\n\t<td class=\"column-1\">2009<\/td><td class=\"column-2\">-<\/td><td class=\"column-3\"><center><img decoding=\"async\" src=\"http:\/\/biba.etsii.upm.es\/jom\/wp-content\/uploads\/2017\/08\/upm_pmu.jpg\" alt=\"\"  height=\"50\" \/><br \/>\n<\/center><\/td><td class=\"column-4\"><a href=\"http:\/\/www.upm.es\" target=\"_blank\"> Universidad Polit\u00e9cnica de Madrid<\/a><\/td><td class=\"column-5\">Industrial Engineering<\/td><td class=\"column-6\">Full Professor<\/td>\n<\/tr>\n<tr class=\"row-3\">\n\t<td class=\"column-1\">2026<\/td><td class=\"column-2\">2026<\/td><td class=\"column-3\"><center><img decoding=\"async\" src=\"http:\/\/biba.etsii.upm.es\/jom\/wp-content\/uploads\/2024\/03\/bioxegy.png\" alt=\"\"  height=\"50\" \/><br \/>\r\n<\/center><\/td><td class=\"column-4\"><a href=\"https:\/\/www.bioxegy.com\/\" target=\"_blank\">Startup Company developing Biomimetic projects<\/a><\/td><td class=\"column-5\">Biomimetics<\/td><td class=\"column-6\">Visiting Scholar<\/td>\n<\/tr>\n<tr class=\"row-4\">\n\t<td class=\"column-1\">2025<\/td><td class=\"column-2\">2025<\/td><td class=\"column-3\"><center><img loading=\"lazy\" decoding=\"async\" src=\"http:\/\/biba.etsii.upm.es\/jom\/wp-content\/uploads\/2026\/03\/brunel_logo.png\" alt=\"\" width=\"70\" height=\"50\"><br \/>\n<\/center><\/td><td class=\"column-4\"><a href=\"https:\/\/www.brunel.ac.uk\/\" target=\"_blank\">Brunel University of London<\/a><\/td><td class=\"column-5\">Civil and Environmental Engineering<\/td><td class=\"column-6\">Visiting Scholar<\/td>\n<\/tr>\n<tr class=\"row-5\">\n\t<td class=\"column-1\">2024<\/td><td class=\"column-2\">2024<\/td><td class=\"column-3\"><center><img decoding=\"async\" src=\"http:\/\/biba.etsii.upm.es\/jom\/wp-content\/uploads\/2024\/03\/bioxegy.png\" alt=\"\"  height=\"50\" \/><br \/>\n<\/center><\/td><td class=\"column-4\"><a href=\"https:\/\/www.bioxegy.com\/\" >Startup Company developing Biomimetic projects<\/a><\/td><td class=\"column-5\">Biomimetics <\/td><td class=\"column-6\">Visiting Scholar<\/td>\n<\/tr>\n<tr class=\"row-6\">\n\t<td class=\"column-1\">2023<\/td><td class=\"column-2\">2023<\/td><td class=\"column-3\"><center><img decoding=\"async\" src=\"http:\/\/biba.etsii.upm.es\/jom\/wp-content\/uploads\/2024\/03\/dtu.png\" alt=\"\"  height=\"50\" \/><br \/>\n<\/center><\/td><td class=\"column-4\"><a href=\"https:\/\/orbit.dtu.dk\/en\/organisations\/engineering-design-and-manufacturing-systems\">Department of Civil and Mechanical Engineering<br \/>\nTechnical University of Denmark<\/a><\/td><td class=\"column-5\">Biomimetics &amp; Circular Economy<\/td><td class=\"column-6\">Visiting Professor<\/td>\n<\/tr>\n<tr class=\"row-7\">\n\t<td class=\"column-1\">2023<\/td><td class=\"column-2\">2023<\/td><td class=\"column-3\"><center><img decoding=\"async\" src=\"http:\/\/biba.etsii.upm.es\/jom\/wp-content\/uploads\/2024\/03\/logo_ubi_vprincipal.jpg\" alt=\"\"  height=\"50\" \/><br \/>\n<\/center><\/td><td class=\"column-4\"><a href=\"https:\/\/www.ubi.pt\/Entidade\/C-MADE\">C-MADE research centre. Universidade de Beira Interior<\/a><\/td><td class=\"column-5\">Material reuse<\/td><td class=\"column-6\">Visiting Professor<\/td>\n<\/tr>\n<tr class=\"row-8\">\n\t<td class=\"column-1\">2018<\/td><td class=\"column-2\">2019<\/td><td class=\"column-3\"><center><img decoding=\"async\" src=\"http:\/\/biba.etsii.upm.es\/jom\/wp-content\/uploads\/2018\/11\/i3-crg-x-e1542313538618.png\"  height=\"70\" ><br \/>\n <\/center><\/td><td class=\"column-4\"><a href=\"https:\/\/portail.polytechnique.edu\/i3_crg\/fr\">CRG at the \u00c9cole Polytechnique<\/a><\/td><td class=\"column-5\">Research in Management<\/td><td class=\"column-6\">Visiting Professor<\/td>\n<\/tr>\n<tr class=\"row-9\">\n\t<td class=\"column-1\">2011<\/td><td class=\"column-2\">2011<\/td><td class=\"column-3\"><center><img decoding=\"async\" src=\"http:\/\/biba.etsii.upm.es\/jom\/wp-content\/uploads\/2017\/08\/uiowa-e1502033548170.png\" alt=\"\" height=\"50\" \/><br \/>\n<\/center><\/td><td class=\"column-4\"><a href=\"http:\/\/www.uiowa.edu\"> University of Iowa<\/a><\/td><td class=\"column-5\">Artificial Intelligence<\/td><td class=\"column-6\">Visiting Professor<\/td>\n<\/tr>\n<tr class=\"row-10\">\n\t<td class=\"column-1\">1997<\/td><td class=\"column-2\">2008<\/td><td class=\"column-3\"><center><img decoding=\"async\" src=\"http:\/\/biba.etsii.upm.es\/jom\/wp-content\/uploads\/2017\/08\/ur.jpg\" alt=\"\"  height=\"50\"  \/><br \/>\n<\/center><\/td><td class=\"column-4\"><a href=\"http:\/\/www.upm.es\"> Universidad de la Rioja<\/a><\/td><td class=\"column-5\">Industrial Engineering<\/td><td class=\"column-6\">Full Professor<\/td>\n<\/tr>\n<tr class=\"row-11\">\n\t<td class=\"column-1\">2005<\/td><td class=\"column-2\">2005<\/td><td class=\"column-3\"><center><img decoding=\"async\" src=\"http:\/\/biba.etsii.upm.es\/jom\/wp-content\/uploads\/2017\/08\/eisti-e1502032656761.png\"   height=\"50\"  \/><br \/>\n<\/center><\/td><td class=\"column-4\"><a href=\"http:\/\/eisti.fr\/\">\u00c9cole d'Ingeni\u00e9urs - Math\u00e9matiques - Informatique<\/a><br \/>\n<\/td><td class=\"column-5\">TIC<\/td><td class=\"column-6\">Visiting Professor<\/td>\n<\/tr>\n<tr class=\"row-12\">\n\t<td class=\"column-1\">1986<\/td><td class=\"column-2\">1997<\/td><td class=\"column-3\"><center><img decoding=\"async\" src=\"http:\/\/biba.etsii.upm.es\/jom\/wp-content\/uploads\/2017\/08\/oviedo-e1502034253807.gif\" alt=\"\" height=\"50\"  \/><br \/>\n<\/center><\/td><td class=\"column-4\"><a href=\"http:\/\/www.uniovi.es\">Universidad de Oviedo<\/a><\/td><td class=\"column-5\">Industrial Engineering<\/td><td class=\"column-6\">Associate Professor;<br \/>\nAssistant Professor.<\/td>\n<\/tr>\n<tr class=\"row-13\">\n\t<td class=\"column-1\">1986<\/td><td class=\"column-2\">1986<\/td><td class=\"column-3\"><center><img decoding=\"async\" src=\"http:\/\/biba.etsii.upm.es\/jom\/wp-content\/uploads\/2017\/08\/inria-1-e1502032632776.png\"  height=\"15\" ><br \/>\n <\/center><\/td><td class=\"column-4\"><a href=\"https:\/\/www.inria.fr\/centre\/paris\">L' Inria<\/a><\/td><td class=\"column-5\">Numerical Simulation<\/td><td class=\"column-6\">Visiting PhD<\/td>\n<\/tr>\n<\/tbody>\n<\/table>\n<!-- #tablepress-2 from cache -->\n<hr \/>\n<h2>Workplace:<\/h2>\n<div class=\"wpgmza-standalone-component wpgmza-auto-left\" style=\"width:400px; max-width:400px;\" ><div class=\"wpgmza-store-locator\" data-id=\"1\">\r\n\t<div class=\"wpgmza-address-container\">\r\n\t\t<label class=\"wpgmza-address\" data-name=\"addressLabel\">ZIP \/ Address:<\/label>\r\n\t\t<input class=\"wpgmza-address\" type=\"text\" placeholder=\"Enter a location\" autocomplete=\"off\" data-name=\"defaultAddress\" value=\"\" aria-label=\"ZIP \/ Address:\">\r\n\t<\/div>\r\n\t\r\n\t<div class=\"wpgmza-radius-container\">\r\n\t\t<label class=\"wpgmza-radius\">\r\n\t\t\tRadius:\t\t<\/label>\r\n\t\t<select class=\"wpgmza-radius\" aria-label=\"Radius:\"><option class=\"wpgmza-radius wpgmza_sl_select_option\" value=\"1\">1mi<\/option><option class=\"wpgmza-radius wpgmza_sl_select_option\" value=\"5\">5mi<\/option><option class=\"wpgmza-radius wpgmza_sl_select_option\" value=\"10\" selected>10mi<\/option><option class=\"wpgmza-radius wpgmza_sl_select_option\" value=\"25\">25mi<\/option><option class=\"wpgmza-radius wpgmza_sl_select_option\" value=\"50\">50mi<\/option><option class=\"wpgmza-radius wpgmza_sl_select_option\" value=\"75\">75mi<\/option><option class=\"wpgmza-radius wpgmza_sl_select_option\" value=\"100\">100mi<\/option><option class=\"wpgmza-radius wpgmza_sl_select_option\" value=\"150\">150mi<\/option><option class=\"wpgmza-radius wpgmza_sl_select_option\" value=\"200\">200mi<\/option><option class=\"wpgmza-radius wpgmza_sl_select_option\" value=\"300\">300mi<\/option><\/select>\r\n\t<\/div>\r\n\r\n\t<svg width=\"40\" height=\"40\" viewbox=\"0 0 59 59\" fill=\"none\" xmlns=\"http:\/\/www.w3.org\/2000\/svg\" class=\"wpgmza-search wpgmza-aria-bridge\" title=\"Search\" aria-label=\"Search\" role=\"button\" tabindex=\"0\">\r\n\t\t<line x1=\"40.5183\" y1=\"40.5685\" x2=\"53.5685\" y2=\"53.6188\" stroke-width=\"7\" stroke-linecap=\"round\"><\/line>\r\n\t\t<circle cx=\"24.5\" cy=\"24.5\" r=\"21\" stroke-width=\"7\"><\/circle>\r\n\t<\/svg>\r\n\r\n\t<svg width=\"40\" height=\"40\" viewbox=\"0 0 60 60\" fill=\"none\" xmlns=\"http:\/\/www.w3.org\/2000\/svg\" class=\"wpgmza-loading\" role=\"status\">\r\n\t\t<mask id=\"path-1-inside-1\">\r\n\t\t\t<path d=\"M60 30C60 24.1471 58.2879 18.422 55.0747 13.53C51.8614 8.63797 47.2873 4.79275 41.9159 2.46799C36.5445 0.143228 30.6103 -0.55952 24.8445 0.446314C19.0786 1.45215 13.7329 4.12263 9.46589 8.12878L13.8401 12.7879C17.1982 9.6351 21.4051 7.53349 25.9427 6.74192C30.4803 5.95035 35.1503 6.5034 39.3775 8.33293C43.6047 10.1625 47.2044 13.1886 49.7332 17.0385C52.2619 20.8884 53.6093 25.3939 53.6093 30H60Z\"><\/path>\r\n\t\t<\/mask>\r\n\t\t<path d=\"M60 30C60 24.1471 58.2879 18.422 55.0747 13.53C51.8614 8.63797 47.2873 4.79275 41.9159 2.46799C36.5445 0.143228 30.6103 -0.55952 24.8445 0.446314C19.0786 1.45215 13.7329 4.12263 9.46589 8.12878L13.8401 12.7879C17.1982 9.6351 21.4051 7.53349 25.9427 6.74192C30.4803 5.95035 35.1503 6.5034 39.3775 8.33293C43.6047 10.1625 47.2044 13.1886 49.7332 17.0385C52.2619 20.8884 53.6093 25.3939 53.6093 30H60Z\" stroke-width=\"14\" stroke-linecap=\"round\" stroke-linejoin=\"round\" mask=\"url(#path-1-inside-1)\"><\/path>\r\n\t<\/svg>\r\n\r\n\r\n\t<svg width=\"40\" height=\"40\" viewbox=\"0 0 62 62\" fill=\"none\" xmlns=\"http:\/\/www.w3.org\/2000\/svg\" class=\"wpgmza-reset wpgmza-aria-bridge\" title=\"Reset\" aria-label=\"Reset\" role=\"button\" tabindex=\"0\">\r\n\t\t<line x1=\"4.94975\" y1=\"5\" x2=\"56.5685\" y2=\"56.6188\" stroke-width=\"7\" stroke-linecap=\"round\"><\/line>\r\n\t\t<line x1=\"5\" y1=\"56.6188\" x2=\"56.6188\" y2=\"5\" stroke-width=\"7\" stroke-linecap=\"round\"><\/line>\r\n\t<\/svg>\r\n\r\n\r\n\t\r\n\t<div class=\"wpgmza-error\"><\/div>\r\n<\/div><\/div><div id=\"wpgmza_map_1\" class=\"wpgmza_map wpgmza-auto-left\" style=\"display:block;width:400px;height:400px;overflow:hidden;position:relative;\" data-map-id=\"1\" data-maps-engine=\"google-maps\" data-build-engine=\"atlas-novus\" data-shortcode-attributes=\"{&quot;id&quot;:&quot;1&quot;,&quot;zoom&quot;:false,&quot;width&quot;:false,&quot;height&quot;:false,&quot;marker&quot;:false,&quot;classname&quot;:false}\" data-settings=\"{&quot;map_title&quot;:&quot;ETSII&quot;,&quot;map_width&quot;:&quot;400&quot;,&quot;map_height&quot;:&quot;400&quot;,&quot;map_start_lat&quot;:&quot;40.44052922365229&quot;,&quot;map_start_lng&quot;:&quot;-3.6899896613769556&quot;,&quot;map_start_location&quot;:&quot;40.44036666896477,-3.689677880950959&quot;,&quot;map_start_zoom&quot;:&quot;16&quot;,&quot;default_marker&quot;:&quot;0&quot;,&quot;type&quot;:&quot;1&quot;,&quot;alignment&quot;:&quot;3&quot;,&quot;directions_enabled&quot;:&quot;1&quot;,&quot;styling_enabled&quot;:&quot;0&quot;,&quot;styling_json&quot;:&quot;&quot;,&quot;active&quot;:&quot;0&quot;,&quot;kml&quot;:&quot;&quot;,&quot;bicycle&quot;:&quot;0&quot;,&quot;traffic&quot;:&quot;0&quot;,&quot;dbox&quot;:&quot;1&quot;,&quot;dbox_width&quot;:&quot;100&quot;,&quot;listmarkers&quot;:&quot;0&quot;,&quot;listmarkers_advanced&quot;:&quot;0&quot;,&quot;filterbycat&quot;:&quot;0&quot;,&quot;ugm_enabled&quot;:&quot;0&quot;,&quot;ugm_category_enabled&quot;:&quot;0&quot;,&quot;fusion&quot;:&quot;&quot;,&quot;map_width_type&quot;:&quot;px&quot;,&quot;map_height_type&quot;:&quot;px&quot;,&quot;mass_marker_support&quot;:&quot;1&quot;,&quot;ugm_access&quot;:&quot;0&quot;,&quot;order_markers_by&quot;:&quot;0&quot;,&quot;order_markers_choice&quot;:&quot;0&quot;,&quot;show_user_location&quot;:&quot;0&quot;,&quot;default_to&quot;:&quot;&quot;,&quot;store_locator_enabled&quot;:true,&quot;store_locator_distance&quot;:true,&quot;store_locator_default_radius&quot;:10,&quot;store_locator_not_found_message&quot;:&quot;&quot;,&quot;store_locator_bounce&quot;:1,&quot;store_locator_query_string&quot;:&quot;&quot;,&quot;store_locator_default_address&quot;:&quot;&quot;,&quot;wpgmza_store_locator_restrict&quot;:&quot;&quot;,&quot;store_locator_style&quot;:&quot;legacy&quot;,&quot;wpgmza_store_locator_radius_style&quot;:&quot;legacy&quot;,&quot;map_max_zoom&quot;:&quot;1&quot;,&quot;transport_layer&quot;:false,&quot;wpgmza_theme_data&quot;:&quot;&quot;,&quot;wpgmza_show_points_of_interest&quot;:1,&quot;wpgmza_auto_night&quot;:0,&quot;action&quot;:&quot;wpgmza_save_map&quot;,&quot;redirect_to&quot;:&quot;\\\/jom\\\/wp-admin\\\/admin-post.php&quot;,&quot;map_id&quot;:&quot;1&quot;,&quot;http_referer&quot;:&quot;\\\/jom\\\/wp-admin\\\/admin.php?page=wp-google-maps-menu&amp;amp;action=edit&amp;amp;map_id=1&quot;,&quot;wpgmza_id&quot;:&quot;1&quot;,&quot;wpgmza_start_location&quot;:&quot;40.44052922365229,-3.6899896613769556&quot;,&quot;wpgmza_start_zoom&quot;:&quot;16&quot;,&quot;store_locator_search_area&quot;:&quot;radial&quot;,&quot;wpgmza_store_locator_default_radius&quot;:&quot;10&quot;,&quot;store_locator_auto_area_max_zoom&quot;:&quot;&quot;,&quot;wpgmza_store_locator_position&quot;:false,&quot;store_locator_show_distance&quot;:false,&quot;store_locator_category&quot;:false,&quot;wpgmza_store_locator_use_their_location&quot;:false,&quot;wpgmza_store_locator_bounce&quot;:false,&quot;wpgmza_sl_animation&quot;:null,&quot;wpgmza_store_locator_hide_before_search&quot;:false,&quot;store_locator_location_placeholder&quot;:&quot;&quot;,&quot;store_locator_name_search&quot;:false,&quot;store_locator_name_string&quot;:&quot;&quot;,&quot;sl_stroke_color&quot;:&quot;&quot;,&quot;sl_stroke_opacity&quot;:&quot;&quot;,&quot;sl_fill_color&quot;:&quot;&quot;,&quot;sl_fill_opacity&quot;:&quot;&quot;,&quot;wpgmza_map_align&quot;:&quot;1&quot;,&quot;jump_to_nearest_marker_on_initialization&quot;:false,&quot;automatically_pan_to_users_location&quot;:false,&quot;override_users_location_zoom_level&quot;:false,&quot;override_users_location_zoom_levels&quot;:&quot;&quot;,&quot;show_distance_from_location&quot;:false,&quot;map_min_zoom&quot;:&quot;0&quot;,&quot;click_open_link&quot;:false,&quot;fit_maps_bounds_to_markers&quot;:false,&quot;fit_maps_bounds_to_markers_after_filtering&quot;:false,&quot;hide_point_of_interest&quot;:false,&quot;wpgmza_zoom_on_marker_click&quot;:false,&quot;wpgmza_zoom_on_marker_click_slider&quot;:&quot;&quot;,&quot;close_infowindow_on_map_click&quot;:false,&quot;disable_lightbox_images&quot;:false,&quot;use_Raw_Jpeg_Coordinates&quot;:false,&quot;polygon_labels&quot;:false,&quot;disable_polygon_info_windows&quot;:false,&quot;enable_marker_ratings&quot;:false,&quot;enable_marker_labels&quot;:false,&quot;only_load_markers_within_viewport&quot;:false,&quot;zoom_level_mobile_override_enabled&quot;:false,&quot;zoom_level_mobile_override&quot;:&quot;&quot;,&quot;iw_primary_color&quot;:&quot;#000000&quot;,&quot;iw_accent_color&quot;:&quot;#000000&quot;,&quot;iw_text_color&quot;:&quot;#000000&quot;,&quot;wpgmza_listmarkers_by&quot;:&quot;0&quot;,&quot;wpgmza_marker_listing_position&quot;:false,&quot;wpgmza_push_in_map&quot;:false,&quot;wpgmza_push_in_map_placement&quot;:null,&quot;wpgmza_push_in_map_width&quot;:&quot;&quot;,&quot;wpgmza_push_in_map_height&quot;:&quot;&quot;,&quot;zoom_level_on_marker_listing_override&quot;:false,&quot;zoom_level_on_marker_listing_click&quot;:&quot;&quot;,&quot;marker_listing_disable_zoom&quot;:false,&quot;datatable_no_result_message&quot;:&quot;&quot;,&quot;remove_search_box_datables&quot;:false,&quot;dataTable_pagination_style&quot;:null,&quot;datatable_search_string&quot;:&quot;&quot;,&quot;datatable_result_start&quot;:&quot;&quot;,&quot;datatable_result_of&quot;:&quot;&quot;,&quot;datatable_result_to&quot;:&quot;&quot;,&quot;datatable_result_total&quot;:&quot;&quot;,&quot;datatable_result_show&quot;:&quot;&quot;,&quot;datatable_result_entries&quot;:&quot;&quot;,&quot;wpgmza_savemap&quot;:&quot;Save Map \\u00bb&quot;,&quot;store_locator_component_anchor&quot;:9,&quot;id&quot;:1}\" ><\/div>\n<hr \/>\n<h2>CV Short Version:<\/h2>\n<p><a href=\"http:\/\/biba.etsii.upm.es\/jom\/wp-content\/uploads\/2026\/03\/eng_cv_jom_v16.pdf\" target=\"_blank\" rel=\"noopener\">Link<\/a><\/p>\n<\/div><\/div>","protected":false},"excerpt":{"rendered":"<p>Introduction: This is the professional website of Professor J. Ordieres Mer\u00e9. The main objective of this site is to summarize his academic activities and scientific output.\u00a0Additionally, a blog will be maintained that collects interesting information. Motto: It always seems impossible <a href=\"http:\/\/biba.etsii.upm.es\/jom\/\" class=\"read-more\">Read More ...<\/a><\/p>\n","protected":false},"author":1,"featured_media":0,"parent":0,"menu_order":0,"comment_status":"closed","ping_status":"open","template":"","meta":{"footnotes":""},"class_list":["post-2","page","type-page","status-publish","hentry"],"translation":{"provider":"WPGlobus","version":"3.0.2","language":"en","enabled_languages":["en","es"],"languages":{"en":{"title":true,"content":true,"excerpt":false},"es":{"title":true,"content":true,"excerpt":false}}},"_links":{"self":[{"href":"http:\/\/biba.etsii.upm.es\/jom\/index.php\/wp-json\/wp\/v2\/pages\/2","targetHints":{"allow":["GET"]}}],"collection":[{"href":"http:\/\/biba.etsii.upm.es\/jom\/index.php\/wp-json\/wp\/v2\/pages"}],"about":[{"href":"http:\/\/biba.etsii.upm.es\/jom\/index.php\/wp-json\/wp\/v2\/types\/page"}],"author":[{"embeddable":true,"href":"http:\/\/biba.etsii.upm.es\/jom\/index.php\/wp-json\/wp\/v2\/users\/1"}],"replies":[{"embeddable":true,"href":"http:\/\/biba.etsii.upm.es\/jom\/index.php\/wp-json\/wp\/v2\/comments?post=2"}],"version-history":[{"count":68,"href":"http:\/\/biba.etsii.upm.es\/jom\/index.php\/wp-json\/wp\/v2\/pages\/2\/revisions"}],"predecessor-version":[{"id":880,"href":"http:\/\/biba.etsii.upm.es\/jom\/index.php\/wp-json\/wp\/v2\/pages\/2\/revisions\/880"}],"wp:attachment":[{"href":"http:\/\/biba.etsii.upm.es\/jom\/index.php\/wp-json\/wp\/v2\/media?parent=2"}],"curies":[{"name":"wp","href":"https:\/\/api.w.org\/{rel}","templated":true}]}}